ed by 53.
47
Calculate the remainder when 2131619 is divided by 157.
30
Calculate the remainder when 154405 is divided by 1161.
1153
Calculate the remainder when 143236237 is divided by 4903.
4898
Calculate the remainder when 444522143 is divided by 14810.
14803
What is the remainder when 200504 is divided by 4069?
1123
What is the remainder when 359013 is divided by 119156?
1545
Calculate the remainder when 342789 is divided by 115.
89
Calculate the remainder when 1180712 is divided by 238.
232
Calculate the remainder when 3559357 is divided by 101692.
137
What is the remainder when 1142541 is divided by 190421?
15
Calculate the remainder when 570862 is divided by 663.
19
Calculate the remainder when 9937617 is divided by 84.
81
Calculate the remainder when 16083 is divided by 80.
3
Calculate the remainder when 28114590 is divided by 939.
930
Calculate the remainder when 46543 is divided by 45760.
783
Calculate the remainder when 12446463 is divided by 4381.
42
Calculate the remainder when 24990412 is divided by 123.
10
What is the remainder when 219149 is divided by 17?
2
What is the remainder when 2583453 is divided by 32?
29
What is the remainder when 82012612 is divided by 12066?
10
Calculate the remainder when 819858 is divided by 307.
168
Calculate the remainder when 55777423 is divided by 1067.
1065
Calculate the remainder when 6763796 is divided by 14.
4
What is the remainder when 2438102 is divided by 86?
2
Calculate the remainder when 58656470 is divided by 2286.
2282
What is the remainder when 2240285 is divided by 23?
16
What is the remainder when 7635874 is divided by 140?
134
What is the remainder when 143163 is divided by 709?
654
Calculate the remainder when 11498 is divided by 609.
536
What is the remainder when 214763 is divided by 820?
743
What is the remainder when 188248 is divided by 20908?
76
What is the remainder when 11990898 is divided by 244?
6
Calculate the remainder when 12616583 is divided by 867.
866
What is the remainder when 6422420 is divided by 5065?
0
Calculate the remainder when 10499613 is divided by 308811.
39
Calculate the remainder when 802671 is divided by 88.
23
What is the remainder when 391377 is divided by 4774?
4683
What is the remainder when 2082725 is divided by 10?
5
Calculate the remainder when 104827 is divided by 104794.
33
What is the remainder when 507970 is divided by 169132?
574
Calculate the remainder when 6392344 is divided by 96.
88
Calculate the remainder when 79320166 is divided by 157.
155
What is the remainder when 1974289 is divided by 6?
1
Calculate the remainder when 16300766 is divided by 627.
20
What is the remainder when 74077 is divided by 6732?
25
Calculate the remainder when 477131 is divided by 14458.
17
Calculate the remainder when 6689 is divided by 4173.
2516
What is the remainder when 45364392 is divided by 327?
9
What is the remainder when 8187382 is divided by 33?
16
What is the remainder when 3926923 is divided by 1114?
73
Calculate the remainder when 915711 is divided by 383.
341
What is the remainder when 3520248 is divided by 704045?
23
What is the remainder when 1800410 is divided by 440?
370
What is the remainder when 531484 is divided by 132288?
2332
Calculate the remainder when 7994322 is divided by 148043.
0
What is the remainder when 387947 is divided by 387890?
57
What is the remainder when 344013 is divided by 1686?
69
Calculate the remainder when 324599 is divided by 64715.
1024
What is the remainder when 179324663 is divided by 6152?
15
Calculate the remainder when 896074 is divided by 63987.
256
Calculate the remainder when 63274649 is divided by 24.
17
What is the remainder when 4279463 is divided by 441?
440
What is the remainder when 1003025 is divided by 4380?
5
Calculate the remainder when 216724 is divided by 9848.
68
What is the remainder when 519378 is divided by 173002?
372
Calculate the remainder when 147116 is divided by 1862.
18
Calculate the remainder when 1168052 is divided by 2856.
2804
What is the remainder when 79254 is divided by 106?
72
Calculate the remainder when 57763835 is divided by 555.
545
Calculate the remainder when 166523037 is divided by 648.
645
Calculate the remainder when 1269245 is divided by 127.
7
Calculate the remainder when 2761733 is divided by 6234.
71
What is the remainder when 1073099 is divided by 196?
195
Calculate the remainder when 7430515 is divided by 1584.
1555
What is the remainder when 156127511 is divided by 964?
963
What is the remainder when 1401705 is divided by 280339?
10
What is the remainder when 205485 is divided by 29266?
623
Calculate the remainder when 3949776 is divided by 85.
81
What is the remainder when 1873352 is divided by 276?
140
Calculate the remainder when 3914046 is divided by 2375.
46
What is the remainder when 336638 is divided by 294?
8
Calculate the remainder when 75405546 is divided by 85204.
6
What is the remainder when 368862 is divided by 579?
39
What is the remainder when 547764 is divided by 1881?
393
What is the remainder when 18143 is divided by 8643?
857
What is the remainder when 102379 is divided by 1312?
43
Calculate the remainder when 49426 is divided by 5142.
3148
What is the remainder when 6340576 is divided by 5176?
5152
What is the remainder when 1341536 is divided by 1434?
746
Calculate the remainder when 51590 is divided by 3023.
199
What is the remainder when 208508 is divided by 18953?
25
What is the remainder when 18153799 is divided by 14?
13
What is the remainder when 4309462 is divided by 1688?
1686
Calculate the remainder when 1206402 is divided by 255.
252
What is the remainder when 20235161 is divided by 10?
1
What is the remainder when 5430908 is divided by 40529?
22
Calculate the remainder when 1325543 is divided by 15777.
275
Calculate the remainder when 29060 is divided by 13823.
1414
What is the remainder when 56182 is divided by 27115?
1952
What is the remainder when 4809728 is divided by 315?
308
What is the remainder when 163645 is divided by 30550?
10895
What is the remainder when 1414331 is divided by 13726?
553
What is the remainder when 3586463 is divided by 77?
34
Calculate the remainder when 16114546 is divided by 5232.
5218
Calculate the remainder when 1613558 is divided by 86.
26
Calculate the remainder when 6401 is divided by 194.
193
What is the remainder when 104937 is divided by 34953?
78
What is the remainder when 173883 is divided by 1300?
983
Calculate the remainder when 42048 is divided by 13946.
210
Calculate the remainder when 999151 is divided by 99898.
171
What is the remainder when 498551 is divided by 9767?
434
What is the remainder when 2041486 is divided by 145820?
6
Calculate the remainder when 80657 is divided by 37.
34
Calculate the remainder when 6744148 is divided by 92.
88
Calculate the remainder when 622734 is divided by 36.
6
What is the remainder when 2314378 is divided by 2?
0
Calculate the remainder when 525639 is divided by 175135.
234
Calculate the remainder when 148819 is divided by 49429.
532
Calculate the remainder when 68913 is divided by 1776.
1425
Calculate the remainder when 297975 is divided by 2445.
2130
What is the remainder when 11880277 is divided by 5940137?
3
What is the remainder when 6478026 is divided by 113649?
33
What is the remainder when 5258175 is divided by 1752554?
513
Calculate the remainder when 749316 is divided by 75.
66
What is the remainder when 1658980 is divided by 2066?
2048
What is the remainder when 4972738 is divided by 60?
58
Calculate the remainder when 6743586 is divided by 237.
225
What is the remainder when 4709851 is divided by 23432?
19
Calculate the remainder when 2643892 is divided by 2457.
160
Calculate the remainder when 1556 is divided by 5.
1
Calculate the remainder when 14364465 is divided by 5283.
5271
Calculate the remainder when 193255 is divided by 63149.
3808
What is the remainder when 19184474 is divided by 60?
14
Calculate the remainder when 623325 is divided by 129.
126
Calculate the remainder when 330283 is divided by 6878.
139
What is the remainder when 331783998 is divided by 8375?
8373
Calculate the remainder when 74325 is divided by 1390.
655
Calculate the remainder when 12604511 is divided by 2100736.
95
Calculate the remainder when 1